f v?
6
Let p(d) be the first derivative of -12*d**2 - 84*d - 21. What is the units digit of p(-28)?
8
Suppose 83*c + 70256 = 3*q + 79*c, 5*q + 2*c - 117128 = 0. What is the tens digit of q?
2
Let r = -14558 - -26105. What is the ten thousands digit of r?
1
Suppose 5*q + 7 = 2*p, -5*p = q - 6*q - 25. Let v be (-3)/p - (-2)/(4/153). Suppose -u = -2*z - v, -z - 4 = z. What is the units digit of u?
2
Let v = 21129 - 16439. What is the thousands digit of v?
4
Suppose 4*t = x - 987, -4*x + 8*x - 3929 = -3*t. Let l = x - 559. What is the hundreds digit of l?
4
What is the ten thousands digit of ((82/8)/(6/16))/((-128)/(-65472))?
1
Let b = -10972 - -23982. What is the tens digit of b?
1
Suppose -345*b = -350*b + 15. What is the tens digit of b*(-6)/(-108)*4854?
0
Let i(j) = 51*j + 185. Let x be i(-3). Suppose -x*k = -69996 + 4652. What is the tens digit of k?
4
Let v = -18 - -40. Let s = v + -21. What is the units digit of 3 - (-3 + (-14)/s)?
0
Suppose 5*z = 4*a + 61199, 0 = 2*z + 12*a - 17*a - 24500. What is the thousands digit of z?
2
Suppose -i - 17262 = -z, 38*z + 3*i = 40*z - 34533. What is the tens digit of z?
5
Suppose -c = -3, c + 5394 = -3*m + 6*m. What is the hundreds digit of m?
7
Let y = -7584 - -10973. What is the tens digit of y?
8
Let t be (-8 - -12) + 84/6. Suppose -t*r + 3288 + 1554 = 0. What is the hundreds digit of r?
2
Suppose x = 3*x + x. Suppose 3*p - 720 = -x*p. What is the units digit of p?
0
Suppose 4*m = -12, -5*m - 516 = -3*t + 324. What is the hundreds digit of 5 + (t - -7) + 0?
2
Let n be -7 + -8*(-1)/2. What is the units digit of 7150/10 - (13 + n)/2?
0
Suppose -363*b + 429*b = 1654686. What is the units digit of b?
1
What is the hundreds digit of (2/4)/((-142)/(-2041108))?
1
Let h(z) = -z**3 + 3*z**2 + 5*z - 6. Let m be h(3). What is the units digit of m/(-63) + (-9242)/28*-2?
0
Let b be 4/2*-2 - 2. Let n = 8655 + -8656. What is the hundreds digit of -321*((-2)/n)/b?
1
Suppose -54*a + 12*a + 1386 = 0. Suppose 5276 = a*f - 2545. What is the units digit of f?
7
What is the units digit of (569076/470)/(3/115)?
4
Suppose 4*s + 4*j - 48 = 2*s, 0 = -2*s - 5*j + 53. Let b(a) be the third derivative of a**4/2 - 8*a**3/3 - 59*a**2 - 2*a. What is the hundreds digit of b(s)?
1
Let s = 20531 + 431. What is the thousands digit of s?
0
Suppose -4*f = -2*g + 3305 - 11497, -3*f = 4*g - 6144. Suppose -9*j + 6151 = -f. What is the tens digit of j?
1
Let y be (-1)/(9/(-8) - -1). Suppose 12*n - 1980 = y*n. What is the units digit of n?
5
Suppose 24620 + 727 = -7*g. Let d = -2437 - g. What is the units digit of d?
4
Suppose k - 4*g = 16, -4*k + 22 = -3*g + g. Suppose -b = -k*o - 1, 3*o + 1 = -2*b - 8. Let c(u) = 58*u**2 + u. What is the tens digit of c(o)?
5
Let k = -29 + 61. What is the tens digit of 1 - (16/k)/((-1)/254)?
2
Suppose 3*t - 3*c = 17 + 1, t - 3*c = 10. Let n = -309 - -432. Suppose t*z - 193 = n. What is the units digit of z?
9
Let f(s) = -s**3 + 5*s**2 + 25*s - 8. Let i be f(8). Suppose l - 3*l + 26 = i. Suppose -720 = 4*u - l*u. What is the tens digit of u?
8
Suppose -5*s = 5*w - 40, -4*w + 3*w + 3 = 0. Suppose s*o - 24 = 131. What is the tens digit of o?
3
Suppose v = 5*x - 228, 3*v = -3*x + 105 + 21. Let l = -57 + x. What is the units digit of 11 - 3*l/(-9)?
7
Suppose 0 = 2*a + v - 47291, a - 8613 - 15034 = -2*v. What is the tens digit of a?
4
Let d = -1112 + 5144. What is the hundreds digit of d?
0
Suppose 2*s - 85 + 81 = 0. Suppose 4*r - 3626 = -2*w + s*r, 3*r = 3*w - 5433. What is the units digit of w?
2
Suppose 18*v - 22*v - 5*t = -26, 3*v - 2*t - 8 = 0. Let y(z) = 10*z**3 - 8*z**2 + 10*z - 3. What is the tens digit of y(v)?
4
Let j = -139 + 143. Let t(q) = 271*q - 100. What is the tens digit of t(j)?
8
Let b(s) = s**3 + 28*s**2 + 5*s + 4. Let a be b(-28). Let p = a - -355. What is the tens digit of p?
1
Suppose -3*q - 185 + 182 = 0. What is the hundreds digit of (0 - -1)*(864/q)/(-2)?
4
Suppose 42*g - 316388 = -4*g. What is the tens digit of g?
7
Let c(s) = 40*s - 64. Let n(w) = 60*w - 96. Let g(v) = -8*c(v) + 5*n(v). What is the tens digit of g(-16)?
5
Suppose 2*p - 5*g - 12 = 0, -p + 5 = -2*g - 2. Suppose -124 = -p*s - 25. Let t(v) = 6*v**2 - 23*v + 6. What is the tens digit of t(s)?
8
What is the thousands digit of (-66)/30 - (-101715)/75?
1
Let x(t) = -1 - 3 + 3 + 5*t**2 + 4*t. Let j be x(-3). Let u = j - -6. What is the units digit of u?
8
Let n be 5 - (-1 + (-3)/(-6))*-6. Suppose -n*u + 2*x = 6*x + 18, 0 = -u - x - 6. What is the tens digit of (u/4 - (-4888)/32)/2?
7
Suppose 67*u = 45*u - 47*u + 33327. What is the hundreds digit of u?
4
Suppose 0 = -i + 2012 + 1460. What is the hundreds digit of i?
4
Let a = -39671 - -111771. What is the thousands digit of a?
2
Let t(z) = -z**3 + 2*z - 5. Let k = -56 - -51. Let y be t(k). Let g = 180 - y. What is the units digit of g?
0
Let p(a) = -7*a - 2*a**2 + 10 + 0*a**2 + a**3 - 2*a. Let o be p(4). Suppose o*c + 30 = 8*c. What is the tens digit of c?
1
Let c(n) = -2067*n + 77. What is the hundreds digit of c(-2)?
2
Let v = 32769 + 6859. What is the ten thousands digit of v?
3
Suppose -d - 55 = -2*d. Suppose 4*h - 2 - 6 = 0. Suppose 87 = h*y - d. What is the tens digit of y?
7
Suppose -5*c + 1080 = 19*c. What is the tens digit of ((-33966)/c)/(-3)*(-10)/(-4)?
2
Let o be ((-14)/(-2))/((-3)/(-9)). Let l = 75 + o. What is the units digit of l?
6
Let f = -40 + 38. Let j(h) = -h**3 + 8*h**2 - 13*h - 12. Let a(c) = 3*c**3 - 15*c**2 + 27*c + 25. Let w(s) = f*a(s) - 5*j(s). What is the units digit of w(-11)?
0
Suppose -1 = -4*q + 23. Suppose u + 417 = 781. What is the tens digit of (-15)/q*u/(-35)?
2
Suppose -j - 6384 = -2*h, 5*h - 7*j = -5*j + 15960. What is the hundreds digit of h?
1
Let x(z) = -1 + 5*z**3 - 3*z - 3 + 6 - 4*z**2 + 3*z**2. Let g be x(2). Suppose -29*i + g*i = 54. What is the tens digit of i?
1
Suppose 38*p + 21*p - 24*p - 641375 = 0. What is the hundreds digit of p?
3
Let u(b) = -21*b - 39. Let n(o) = 7*o + 14. Let g(j) = -11*n(j) - 4*u(j). Suppose 0 = -t + 2*t - 9. What is the tens digit of g(t)?
6
Let f(r) = r**3 - 13*r**2 + 4*r + 16*r - 10*r + 2. Let q(u) = -2*u**3 - 3*u**2 - 4*u + 1. Let d be q(-2). What is the hundreds digit of f(d)?
1
Let j(g) = -g**3 - 12*g**2 + 10*g - 39. Let q be j(-13). Let h(b) = b**2 + 4*b + 1. Let v be h(-5). Suppose q = v*z + z - 1036. What is the units digit of z?
8
Let u(p) = -p**3 + 20*p**2 - 18*p + 36. Let i be (-411)/(-27) - 2/9. What is the tens digit of u(i)?
9
What is the units digit of 181812/9 - (10 - (-64)/(-6))?
2
Let z be 0/((-3)/(0 + 3)). Let f(a) = z - 11 - 2*a + 11*a - a. What is the tens digit of f(6)?
3
Let h be ((-2)/16 + 330/80 - -202) + 3. Let u = -357 - -252. Let r = u + h. What is the hundreds digit of r?
1
Let m(g) be the second derivative of -g**5/20 + 9*g**4/4 - g**3/6 + 8*g**2 - 124*g. What is the tens digit of m(26)?
6
Let f(s) = -92*s - 1029. Let b be f(-12). Suppose -l = 2 - 16. Let y = b - l. What is the tens digit of y?
6
Suppose 44*b - 14988 = 20036. What is the units digit of b?
6
Let c(h) = -h**2 - 33*h + 59. Let z be c(-25). Let w = z - 208. What is the units digit of w?
1
Suppose 31*w - 200 = 36*w. Let q be ((-912)/w)/((-9)/(-60)). Let l = 295 - q. What is the units digit of l?
3
Suppose 23111*w = 23118*w - 84518. What is the thousands digit of w?
2
Let r(d) = d - 5. Let b be r(2). Let n(f) = -372*f - 106. What is the hundreds digit of n(b)?
0
What is the units digit of (-98*6/9)/((-27)/((-1053)/(-26)))?
8
Suppose 5*u = 6*u - 3*a + 7, u - 17 = -5*a. Suppose -u*x + 685 = -599. What is the units digit of x?
2
Suppose 2*g = 4*l + 8, -g + 5*l + 22 = 3*g. Suppose -11*j - 894 = -2*o - g*j, -1774 = -4*o - j. What is the hundreds digit of o?
4
Suppose -25*g + h - 168461 = -30*g, 3*g + 2*h - 101071 = 0. What is the ten thousands digit of g?
3
Let v(h) = 130*h**2 + 49*h - 217. What is the tens digit of v(16)?
4
Let i(b) be the first derivative of -93*b**2 - 67. What is the hundreds digit of i(-3)?
5
What is the units digit of 65806/(-3)*(33/198 + (-15)/9)?
3
Let r be (-3)/(-2)*-5*-2. Suppose 2*n = 100 + 188. Suppose -r = q - n. What is the tens digit of q?
2
Let l(y) be the first derivative of -y**2/2 - 4*y + 20. Let f be l(-8). Suppose f*o = o + q + 277, 87 = o + q. What is the units digit of o?
1
Suppo